pose -1 = -i, x = -4*i - i + 32. What are the prime factors of x?
3
Let u = 92 - 53. What are the prime factors of u?
3, 13
Let j(n) = 1 - 7*n + 4*n - 9*n + 1. List the prime factors of j(-2).
2, 13
Let z be 8/6 - (-3)/(-9). List the prime factors of 2*z*35/7.
2, 5
Let p = -3 - -15. Let r = 22 - p. What are the prime factors of r?
2, 5
Let q(o) = -23*o**3 + 2*o**2 - 1. List the prime factors of q(-1).
2, 3
Let m be ((-2)/4)/((-1)/24). Let l = m + -1. What are the prime factors of l?
11
Suppose -4*n = -7*n - 45. Suppose -v - 21 = q, 4*v + 11 = 3*q - 80. Let w = n - v. List the prime factors of w.
7
Let r(o) = 38*o**2 - 3*o + 1. Let d be r(2). Suppose -5*n + 4*g = -d, 0*n = n + 4*g - 15. Let i = n + -18. List the prime factors of i.
3
Let u(i) = -i - 2. Let h be u(-5). Suppose h*j + 2 = -4*f + 28, -5*f + 35 = 4*j. What are the prime factors of j?
2, 5
Suppose -3*j + 10 = 4. Suppose -3*n + 150 = j*n. List the prime factors of n.
2, 3, 5
Suppose 0 = 4*d + 3*i - 58, -2*i + 36 + 8 = 3*d. What are the prime factors of d?
2
Suppose 17 = -4*k - 5*s, -3*k = 2*s + s + 9. Suppose k*h + h - 9 = 0. What are the prime factors of h?
3
Let w = -9 + 15. Let o = -3 + w. What are the prime factors of o/(-2)*(-12)/9?
2
Suppose -222 = -2*c - 3*m, 5*m - 92 + 314 = 2*c. What are the prime factors of c?
3, 37
Let z = -42 + 0. Let i = 9 - z. List the prime factors of i.
3, 17
Suppose 12*y + 24 = 16*y. List the prime factors of y.
2, 3
Let p = -7 - -21. Suppose -p = -0*t - t. List the prime factors of t.
2, 7
Let a = 12 + -8. Suppose 3*n = -0*n - r - 2, -2*r - a = -4*n. Suppose n*j - 56 = -4*j. What are the prime factors of j?
2, 7
Suppose -4*p - 4 = -16. What are the prime factors of p?
3
Suppose 2*d = 5*w + 2 - 0, -4*w = -2*d + 4. Suppose v + d = 3*v. Suppose u - v*u = 0, u + 20 = 5*y. What are the prime factors of y?
2
Let d(i) = 5*i - 10. Let u(x) = 5. Let n(q) = -q - 4. Let a(w) = -4*n(w) - 5*u(w). Let o(z) = -6*a(z) + 5*d(z). List the prime factors of o(0).
2
Suppose -2*a + 12 = 3*m - 0, 2*m = -2*a + 10. Suppose 47 = u + 2*u + 4*v, 37 = a*u - v. List the prime factors of u.
13
Suppose 2*l + 9 = d, -l + 6*d - 2*d = -6. Let b(w) = w. Let p(c) = 2*c. Let f(y) = l*p(y) + 20*b(y). What are the prime factors of f(1)?
2
Let u be 5 + -3 + (-2 - -2). Suppose o - u*o = 3*d - 30, 0 = -5*o - 3*d + 162. List the prime factors of o.
3, 11
Let a(d) = -d**3 - 8*d**2 - 6*d + 8. Let u be a(-7). Let s be (-6)/(-1)*u + -1. Suppose 45 = 3*o - 3*g, 3*o - s*g - 23 = 2*o. What are the prime factors of o?
13
Let p be 0 + 0 + (-12)/(-3). Suppose 5*d + 6*a - a - 25 = 0, -5*d + 21 = p*a. Suppose 3*f - d = 5*r, -13 = -2*r - 5. What are the prime factors of f?
7
Let x(h) = h**2 - 5*h + 3. Let m be x(2). What are the prime factors of (m - 9)/((-2)/3)?
2, 3
Suppose -2*l - 6 = 2*v - v, -2*v + 5*l + 24 = 0. List the prime factors of -1*47/(-1) + v.
7
Suppose -2*u = -7*u. Suppose u*s - 25 = -s. Let y = -14 + s. List the prime factors of y.
11
Let q(k) be the first derivative of k**2 + 3*k + 8. What are the prime factors of q(14)?
31
Suppose g - 3*r = -6*r + 84, -4*g = -4*r - 352. List the prime factors of g.
3, 29
What are the prime factors of ((6/(-7))/(-1))/((-2)/(-14))?
2, 3
Let d(t) = t**3 - 5*t**2 - 4*t - 6. Let b = -14 + 20. What are the prime factors of d(b)?
2, 3
Let c be -2 + (6 - (-2)/(-2)). Suppose -35 = 2*w - 6*w - c*t, 41 = 5*w + t. Let r = w + -3. What are the prime factors of r?
5
Suppose -z - 4*z = 0. Suppose z*c + 7 = c. List the prime factors of c.
7
Suppose -5*b = -3*n + 143, 0 = -3*n + 2*b + b + 135. List the prime factors of n.
41
Let a = 0 + -2. List the prime factors of (-12)/(a + -1) + 1.
5
Let z(c) = 3*c**2 - c. Suppose -b - 4 = -2. List the prime factors of z(b).
2, 7
Suppose -5*q + 4*i = 9 - 39, 2*i = 5*q - 30. Let j(r) = r**2 - r. Let l be j(q). Suppose -k + l = 4*k. List the prime factors of k.
2, 3
Let s = -7 + 12. Suppose -28 = -s*l + l. What are the prime factors of l?
7
Let o(w) = -w**2 + 8*w - 8. Let n be o(6). Suppose 3*m - 6*m = -111. Suppose n*z = -g + 41, 2*z - 5*z - 2*g = -m. List the prime factors of z.
3
Let z = -1 - -6. List the prime factors of (-2 - z/(-3))*-6.
2
Let t = 1 - 1. Suppose t = -0*k + 3*k - 39. List the prime factors of k.
13
Let b be 0/((-3)/(-3) + 0). Suppose b = 4*a - 5*g - 83, 3*g - 16 = -a + 9. List the prime factors of a.
2, 11
List the prime factors of 927/6*6/9.
103
Suppose -886 = -5*s - 6. List the prime factors of s.
2, 11
Suppose 3*h = 4*h - r - 11, h + 5*r = -7. Suppose 2*q = 2, h*m - 5*m - 59 = -5*q. What are the prime factors of m?
2, 3
Suppose -5*j - 323 = -1023. List the prime factors of j.
2, 5, 7
Let w(f) = -2*f**2 - 4*f - 1. Let m(j) = -j**2 - 3*j - 1. Let i(x) = 6*m(x) - 4*w(x). What are the prime factors of i(3)?
2, 5
Suppose 4*t = -d + 7, d + 2*t = -3*d. List the prime factors of -4*(0 + -1 + d).
2
Let g be 3/6*-19*-8. Suppose -4*i + 0*i = -g. What are the prime factors of i?
19
Let l = -153 + 299. What are the prime factors of l?
2, 73
Let k(b) = 6*b - 1. Let i be k(1). Let c = i - 1. Suppose -2*l + 4 = 5*g, 0*l - 5*g = -2*l + c. List the prime factors of l.
2
What are the prime factors of 0 + -4 + (-920)/(-20)?
2, 3, 7
Suppose 5*a - 8 = -3*y, -y - 2*a + 0 + 3 = 0. List the prime factors of -1 + 1 - (-2)/y.
2
Let v = 5 - 10. Let i = 8 + v. Suppose -39 - 12 = -i*d. What are the prime factors of d?
17
Let n(o) = 2*o**2 - o. Let c be n(3). Suppose c*u + 58 = 17*u. What are the prime factors of u?
29
Suppose 32 = r - 2*x + 2, 92 = 2*r + 4*x. List the prime factors of r.
2, 19
Suppose 3*q + 2 = 4*w - 0, -2*q = 5*w - 14. Suppose 2*s - w - 2 = 0. Suppose -4*b = y - 48, 2*b - 7 - 17 = s*y. What are the prime factors of b?
2, 3
Let n(p) = 9*p + 47. List the prime factors of n(17).
2, 5
Let q(l) = l - 11. Let d be q(8). Let w be (d/(-12) - 1)*-4. What are the prime factors of 35/w - (-2)/(-3)?
11
Let s(m) = 8*m**2 - 1. Let w be s(-1). Let p = 23 - w. Let f = p - 10. List the prime factors of f.
2, 3
Suppose 2*w + c - 17 = 0, 4*w - 3*c + 7 - 46 = 0. List the prime factors of (-2)/w - (-2460)/135.
2, 3
List the prime factors of 4/(4/31) - 3.
2, 7
Let l(k) be the first derivative of k**2/2 + 82*k + 4. Let c be l(0). List the prime factors of 3/9 + c/6.
2, 7
Let a(y) = y**2 - 12*y + 4. What are the prime factors of a(14)?
2
Let f(t) = -t**3 - 10*t**2 - t - 12. Let m be f(-10). Let i be 6*m*(-2)/12. Suppose 0 = q - 4, -s - 3*q + 24 = -i. List the prime factors of s.
2, 7
Let n = 6 - 12. What are the prime factors of n/(-4) - (-81)/6?
3, 5
Suppose 3*o - 2 - 4 = 0. Suppose 0 = 3*b + o*b. Suppose 5*a - 16 - 39 = b. List the prime factors of a.
11
Let x(l) = -3*l. Let q be x(-1). Suppose -2*a - q*a = 0. Suppose c - 3*g - 11 = a, -4*g - 7 - 29 = -4*c. List the prime factors of c.
2
List the prime factors of (-5)/(-25) - (-1496)/20.
3, 5
Let v be 3 - (10 - 3) - -2. What are the prime factors of v/4*-9*4?
2, 3
Suppose 27 + 80 = q + 4*a, 4 = -4*a. List the prime factors of q.
3, 37
Let t = 1 + -13. Let c be ((-272)/t)/(2/3). Let s = -23 + c. What are the prime factors of s?
11
Let h = 3 + 27. What are the prime factors of h?
2, 3, 5
Let w = 32 + -3. What are the prime factors of w?
29
Suppose -3*h - 75 = -3*k, 3*k + 2*k = -3*h + 133. Suppose -4*p = -z + k, p + 14 = z - 0. List the prime factors of z.
2, 5
Suppose 0 = -0*z + z + q - 5, 3*z + 4*q = 20. Suppose -k - 4*r + r + 23 = z, 0 = -k - 2*r + 18. List the prime factors of k.
2
Let m = 13 - 9. Suppose 0 = -5*c - m*d + 68, 3*c + 6 = -5*d + 39. What are the prime factors of c?
2
Suppose 0 = -3*j + 27 - 117. Let p be -4*(j/8 - -1). List the prime factors of 2*p*1/2.
11
Suppose 5*r + 21 = 6. Let v be 1*5/(-3)*r. Suppose -62 = -v*h - 3*a, 2*a + 2*a + 4 = 0. What are the prime factors of h?
13
Suppose 2*c + 19 = 3*c - 5*d, 4 = -2*c - 4*d. Suppose -c*n = 5*r - 62, -5*r = 2*n - 63 - 3. List the prime factors of r.
2, 7
Suppose 27*y - 19*y = 2248. What are the prime factors of y?
281
Suppose -5 = 3*c - 4*n - n, -3*c = -4*n + 4. What are the prime factors of c - -25 - (-9)/3?
2, 7
Let o(v) = -v**2 + 2*v - 3 + 13 + 6*v. Let f be o(8). List the prime factors of f - 6/(-9)*3.
2, 3
Suppose -4*j + 28 = c, 43 = 2*c - 4*j - 49. Suppose 2*t - c = -2*t. List the prime factors of t.
2, 5
Let b = -43 - -39.